, 2*r - 87 = k*t. Suppose 2*m - 86 = -3*m - 4*c, 12 = 3*c. What is the greatest common factor of r and m?
14
Let c(m) = -m**3 - 15*m**2 + 10*m + 24. Let p be c(-15). Let t = 131 + p. Calculate the highest common factor of t and 125.
5
Let v be 1*-16*(-252)/72. Let g be 125/4 + (-1)/4. Let i = g - 17. What is the greatest common factor of i and v?
14
Let u(j) = -93*j - 47. Let p be u(-1). Calculate the greatest common factor of p and 5842.
46
Let w = -195 + 194. Let z be 15*((-5)/(5/w) - -6). Calculate the highest common divisor of 140 and z.
35
Suppose 4400 = -59*h + 84*h. What is the greatest common factor of h and 368?
16
Let h be -2 - -5*(-8)/((-32)/12). Let g(n) = n**3 - 13*n**2 + 7*n + 63. Let l be g(h). Calculate the highest common divisor of 28 and l.
14
Let b(m) = -1392*m - 6820. Let o be b(-5). What is the highest common factor of o and 2268?
28
Let p = 448166 - 448125. Let j = 1629 - 399. Calculate the highest common divisor of p and j.
41
Let q be (4/(-6))/((8/(-174))/2). Let j = q + 26. Calculate the greatest common divisor of 88 and j.
11
Let c = 3 + 0. Let s(y) = 7*y - 80. Let f be s(12). Suppose 0 = 5*u - f*u - 18. Calculate the highest common factor of c and u.
3
Let z(f) = -41*f**3 - 5*f**2 - 32*f + 2. Let u be z(-5). What is the highest common factor of 87 and u?
29
Let d be 3/4*-1*(5 - 9). Suppose -d*b = -221 - 49. Let q = b + 120. What is the highest common factor of q and 7?
7
Let c be (-261)/(-145)*2020/12. What is the greatest common divisor of c and 12?
3
Suppose 89521 = -86*w + 212885 + 171100. Calculate the greatest common factor of 128 and w.
32
Let n(r) = -138*r**3 + r**2 + r + 1. Let p be n(-1). Let o = p + -106. Suppose -2*d + 88 = -0*d. What is the highest common factor of d and o?
11
Suppose 2*c + 2*c = -48. Let v(i) = i**3 + 13*i**2 + 8*i - 17. Let k be v(c). Let u = k - 12. Calculate the greatest common factor of u and 38.
19
Let q = 18 + -30. Let i be (6/q)/(1/2*1). Let m be (-1)/((-1)/(-28)*i). Calculate the greatest common divisor of m and 4.
4
Let z be (-2398)/(-12) - 3/(-18). Suppose 10354*m = 10339*m + 750. Calculate the highest common factor of m and z.
50
Let r be (-2 - (4 - 7)) + 2. Let d be 1/r + (138/18 - 4). Let y be 8 - 7 - -1*d. Calculate the highest common divisor of 45 and y.
5
Suppose -2*z + y = -489, 127 = z - 2*y - 110. Let j = -39 - -52. What is the greatest common divisor of j and z?
13
Let m = 3344 + -3176. What is the greatest common factor of 1368 and m?
24
Suppose 436 = -3*b - 5*q - 300, 3*b = -2*q - 721. Let w = -219 - b. What is the highest common factor of 3 and w?
3
Let h be (-1633)/213 + 2828/12. Let w be (6/9)/((-2)/(-180)). Calculate the highest common divisor of w and h.
12
Let s(x) = 40*x - 1158. Let g be s(29). What is the highest common factor of 1486 and g?
2
Suppose -9*w - 261 = 30*w - 4512. Calculate the highest common divisor of w and 327.
109
Suppose 88*k + 35229 = 152269. What is the highest common factor of k and 770?
70
Suppose -21*m - 5*m = -29*m + 18093. Calculate the greatest common factor of m and 326.
163
Suppose -3 = 5*a - 13. Let b be 16 - 1 - 4/a. Let l(g) = 3*g**2 + 844*g + 26. Let v be l(0). Calculate the highest common factor of v and b.
13
Let x be 228/(-15)*(-19 - -39). Let t = 1392 - x. Calculate the greatest common factor of t and 32.
32
Let t(k) = -37*k - 77. Suppose -2*h - h - 17 = -2*m, -4*m + 19 = -3*h. Let z be t(h). What is the greatest common divisor of z and 48?
12
Let r(i) = 4*i**2 + 9*i + 8. Let w be r(-1). Let b be w - (-208 - 7) - -7. Calculate the highest common factor of b and 9.
9
Suppose -13*z = x - 20168, -z + 5*x + 1520 = 9*x. Calculate the highest common factor of 2134 and z.
194
Let j = -31103 + 31108. Let q(t) = 9*t. Let x be q(5). Calculate the greatest common factor of j and x.
5
Suppose 18 = -3*s - 4*w + 49, 20 = 2*s + 3*w. Suppose 4*h - j - 157 = 0, 0 = 2*j - 0*j + 2. Calculate the greatest common factor of s and h.
13
Let p be -3*3/(27/(-15)) + 1889. Let r = 2754 - p. What is the highest common divisor of 20 and r?
20
Suppose 3*u - u - 262 = 0. Suppose 0*t + 3*t - 648 = 5*w, -5*t + 1080 = 5*w. Suppose -u*f = -134*f + t. Calculate the highest common divisor of 36 and f.
36
Let q be (-2)/(-6) - (-2 + 51/(-9)). Let a = q + -3. What is the greatest common divisor of 45 and a?
5
Let k = 22 + -19. Suppose 14 = k*d + 2*u, -4 = -2*d - 3*u - u. Suppose -2*q + 13 = 9. What is the greatest common factor of d and q?
2
Let m(u) = -5*u + 42. Let x be m(7). Suppose -x*i = -3*i + 8. Let s be (-6)/i*(-8)/(-3). Calculate the highest common factor of 24 and s.
8
Suppose -4 = -r + 6. Suppose 0 = -11*f + 6*f + 5*w + 15, -5*f - 4*w = 3. What is the greatest common divisor of f and r?
1
Suppose 0 = 773*i - 707*i - 17556. Let q(y) = y**3 - y**2 + 76. Let f be q(0). What is the highest common divisor of f and i?
38
Suppose -5*l + 10 + 5 = 0. Let o(t) = 6*t + 14*t + 5 - 17*t + 31. Let x be o(-5). Calculate the highest common divisor of x and l.
3
Let k(a) = 140*a - 651. Let x be k(5). What is the greatest common divisor of x and 5?
1
Suppose 96*k + 0*k = 7398 + 5562. Calculate the greatest common divisor of k and 63.
9
Let a(j) = j**3 + 8*j**2 - 4*j - 1. Let l be a(-10). Let w = l + 189. Calculate the greatest common divisor of 8 and w.
4
Let f = 1085 + -601. Suppose f = 23*j - 12*j. What is the highest common divisor of j and 143?
11
Suppose 161*o = 65845 - 21892. Calculate the greatest common factor of o and 63.
21
Let t(u) be the first derivative of -u**4 - 44*u**3/3 - 5*u**2/2 - u + 23. Let q be t(-11). Calculate the greatest common factor of 12 and q.
6
Suppose 0*b - 42 = -3*b. Suppose k = 2*k - b. Let f = k + -13. What is the highest common divisor of 9 and f?
1
Let x = 669 + -511. Let t = 367 - x. Suppose 2*w - 4*p - 35 = w, -p + 72 = 4*w. Calculate the highest common factor of t and w.
19
Let r(y) = 25*y**2 + 49*y - 76. Let o be r(10). Calculate the highest common divisor of o and 62.
62
Let j be 336/(-18) + 25/15. Let n(i) = -12*i - 187. Let r be n(j). Calculate the highest common factor of r and 34.
17
Let b(o) = o**3 - o**2 + o. Let u(v) = -5*v**3 + v**2 + 8*v + 24. Let m(d) = 4*b(d) + u(d). Let j be m(-7). Calculate the highest common factor of 8 and j.
8
Let i = 1382 + -949. Let f = -290 + i. Let n(s) = -s**2 - 14*s - 34. Let l be n(-9). What is the highest common factor of f and l?
11
Suppose 4*p = 2*v + 54, 5*p + 4*v = 11 + 37. What is the highest common divisor of p and 412?
4
Suppose -9*r + 1405 = 127. Let a = r - 133. What is the highest common divisor of a and 72?
9
Let c = -15928 + 22286. Calculate the greatest common factor of 3366 and c.
374
Let k(j) = -j - 3. Let b be k(-6). Suppose -b*v = -4*v + 18. Let g = 1237 + -1233. What is the greatest common divisor of g and v?
2
Suppose 824*i - 820*i = 3*a + 59, i = a + 17. Let u = 1 - -2. Suppose -3*g - 4*k + 5 = -u, 2*k - 24 = -4*g. Calculate the greatest common factor of i and g.
8
Let l(z) = 5*z - 9. Let t be l(3). Suppose -4*y + 111 = -5*d, 5*d - 3*d = -t. What is the greatest common factor of 84 and y?
12
Suppose 330 = 6*r - r. Suppose -35*a + 1509 = -r. What is the highest common factor of 5 and a?
5
Suppose 3*y - 1784 = -i, 84*y - 8950 = -5*i + 79*y. Calculate the greatest common divisor of i and 22.
11
Let r(c) = c**3 - 3*c**2 - 47*c + 15. Let q be r(9). Let a(d) = -d**2 + 12*d + 15. Let l be a(11). What is the highest common divisor of q and l?
26
Let y = 355 - 363. Let b be (-735)/(-90) + y + 1426/12. What is the greatest common divisor of 7 and b?
7
Suppose -82 = -t + 5*n, -44*t + 43*t = 2*n - 96. Calculate the greatest common divisor of t and 322.
46
Suppose -280 + 20 = 5*n. Let k = -63 + n. Let w = 258 + k. What is the greatest common divisor of w and 13?
13
Let j = -5775 + 5895. Calculate the highest common divisor of j and 510.
30
Let p = -62 + 116. Suppose d - 336 = c, 8 = -c + 14. What is the highest common divisor of d and p?
18
Let a = 74 - 44. Suppose -3*q + 216 = -h, 96 + 194 = 4*q - 2*h. Let m = q + -51. What is the greatest common divisor of a and m?
10
Let g(q) = 6*q - 16. Let z be g(12). Suppose -z*p - 144 = -58*p. Suppose 3*i + 4*v - 86 = 0, 0*i + p = 2*i - v. Calculate the highest common factor of i and 85.
17
Let i(a) be the third derivative of a**6/120 